{"version":"1.0","provider_name":"Dentalespace","provider_url":"https:\/\/www.dentalespace.com\/patient","title":"Allergie aux ca\u00efnes et obligation arrage dents - Dentalespace","type":"rich","width":600,"height":338,"html":"<blockquote class=\"wp-embedded-content\" data-secret=\"4Q351Z8hMP\"><a href=\"https:\/\/www.dentalespace.com\/patient\/forums\/sujet\/allergie-aux-caines-et-obligation-arrage-dents\/\">Allergie aux ca\u00efnes et obligation arrage dents<\/a><\/blockquote><iframe sandbox=\"allow-scripts\" security=\"restricted\" src=\"https:\/\/www.dentalespace.com\/patient\/forums\/sujet\/allergie-aux-caines-et-obligation-arrage-dents\/embed\/#?secret=4Q351Z8hMP\" width=\"600\" height=\"338\" title=\"\u00ab\u00a0Allergie aux ca\u00efnes et obligation arrage dents\u00a0\u00bb &#8212; Dentalespace\" data-secret=\"4Q351Z8hMP\" frameborder=\"0\" marginwidth=\"0\" marginheight=\"0\" scrolling=\"no\" class=\"wp-embedded-content\"><\/iframe><script type=\"text\/javascript\">\n\/* <![CDATA[ *\/\n\/*! This file is auto-generated *\/\n!function(d,l){\"use strict\";l.querySelector&&d.addEventListener&&\"undefined\"!=typeof URL&&(d.wp=d.wp||{},d.wp.receiveEmbedMessage||(d.wp.receiveEmbedMessage=function(e){var t=e.data;if((t||t.secret||t.message||t.value)&&!\/[^a-zA-Z0-9]\/.test(t.secret)){for(var s,r,n,a=l.querySelectorAll('iframe[data-secret=\"'+t.secret+'\"]'),o=l.querySelectorAll('blockquote[data-secret=\"'+t.secret+'\"]'),c=new RegExp(\"^https?:$\",\"i\"),i=0;i<o.length;i++)o[i].style.display=\"none\";for(i=0;i<a.length;i++)s=a[i],e.source===s.contentWindow&&(s.removeAttribute(\"style\"),\"height\"===t.message?(1e3<(r=parseInt(t.value,10))?r=1e3:~~r<200&&(r=200),s.height=r):\"link\"===t.message&&(r=new URL(s.getAttribute(\"src\")),n=new URL(t.value),c.test(n.protocol))&&n.host===r.host&&l.activeElement===s&&(d.top.location.href=t.value))}},d.addEventListener(\"message\",d.wp.receiveEmbedMessage,!1),l.addEventListener(\"DOMContentLoaded\",function(){for(var e,t,s=l.querySelectorAll(\"iframe.wp-embedded-content\"),r=0;r<s.length;r++)(t=(e=s[r]).getAttribute(\"data-secret\"))||(t=Math.random().toString(36).substring(2,12),e.src+=\"#?secret=\"+t,e.setAttribute(\"data-secret\",t)),e.contentWindow.postMessage({message:\"ready\",secret:t},\"*\")},!1)))}(window,document);\n\/\/# sourceURL=https:\/\/www.dentalespace.com\/patient\/wp-includes\/js\/wp-embed.min.js\n\/* ]]> *\/\n<\/script>\n","description":"Bonjour J&rsquo;ai une parodontite s\u00e9v\u00e8re depuis une trentaine d&rsquo;ann\u00e9es et suis appareill\u00e9e. Mon probl\u00e8me majeur est que je dois me faire arracher une dent qui ne veut pas tomber seule et que je ne peux avoir aucune injection de ca\u00efne ni de morphine \u00e0 cause d&rsquo;un choc anaphylactique ant\u00e9rieur. 2 de mes dents qui bougeaient [&hellip;]","thumbnail_url":"https:\/\/www.dentalespace.com\/patient\/wp-content\/uploads\/2024\/09\/Logo_Dentalespace_GP_1200x675.png","thumbnail_width":1200,"thumbnail_height":675}

Allergie aux caïnes et obligation arrage dents - Dentalespace

<blockquote class="wp-embedded-content" data-secret="4Q351Z8hMP"><a href="https://www.dentalespace.com/patient/forums/sujet/allergie-aux-caines-et-obligation-arrage-dents/">Allergie aux caïnes et obligation arrage dents</a></blockquote><iframe sandbox="allow-scripts" security="restricted" src="https://www.dentalespace.com/patient/forums/sujet/allergie-aux-caines-et-obligation-arrage-dents/embed/#?secret=4Q351Z8hMP" width="600" height="338" title="« Allergie aux caïnes et obligation arrage dents » &#8212; Dentalespace" data-secret="4Q351Z8hMP" frameborder="0" marginwidth="0" marginheight="0" scrolling="no" class="wp-embedded-content"></iframe><script type="text/javascript">
/* <![CDATA[ */
/*! This file is auto-generated */
!function(d,l){"use strict";l.querySelector&&d.addEventListener&&"undefined"!=typeof URL&&(d.wp=d.wp||{},d.wp.receiveEmbedMessage||(d.wp.receiveEmbedMessage=function(e){var t=e.data;if((t||t.secret||t.message||t.value)&&!/[^a-zA-Z0-9]/.test(t.secret)){for(var s,r,n,a=l.querySelectorAll('iframe[data-secret="'+t.secret+'"]'),o=l.querySelectorAll('blockquote[data-secret="'+t.secret+'"]'),c=new RegExp("^https?:$","i"),i=0;i<o.length;i++)o[i].style.display="none";for(i=0;i<a.length;i++)s=a[i],e.source===s.contentWindow&&(s.removeAttribute("style"),"height"===t.message?(1e3<(r=parseInt(t.value,10))?r=1e3:~~r<200&&(r=200),s.height=r):"link"===t.message&&(r=new URL(s.getAttribute("src")),n=new URL(t.value),c.test(n.protocol))&&n.host===r.host&&l.activeElement===s&&(d.top.location.href=t.value))}},d.addEventListener("message",d.wp.receiveEmbedMessage,!1),l.addEventListener("DOMContentLoaded",function(){for(var e,t,s=l.querySelectorAll("iframe.wp-embedded-content"),r=0;r<s.length;r++)(t=(e=s[r]).getAttribute("data-secret"))||(t=Math.random().toString(36).substring(2,12),e.src+="#?secret="+t,e.setAttribute("data-secret",t)),e.contentWindow.postMessage({message:"ready",secret:t},"*")},!1)))}(window,document);
//# sourceURL=https://www.dentalespace.com/patient/wp-includes/js/wp-embed.min.js
/* ]]> */
</script>

Bonjour J&rsquo;ai une parodontite sévère depuis une trentaine d&rsquo;années et suis appareillée. Mon problème majeur est que je dois me faire arracher une dent qui ne veut pas tomber seule et que je ne peux avoir aucune injection de caïne ni de morphine à cause d&rsquo;un choc anaphylactique antérieur. 2 de mes dents qui bougeaient [&hellip;]
